8
Convert add (base 14) to base 8.
4153
Convert -235020 (base 7) to base 15.
-c916
1397 (base 15) to base 4
1001200
Convert -99623 (base 11) to base 12.
-6b757
3bf1e (base 16) to base 5
30324114
What is -253a5 (base 14) in base 13?
-3271c
What is a995ca (base 13) in base 12?
1405577
405c3 (base 15) to base 14
543ba
51621624 (base 7) to base 15
5ab643
Convert -15a5931 (base 13) to base 15.
-92d88a
1469879 (base 10) to base 16
166db7
Convert -c406c (base 16) to base 15.
-10cd84
Convert -186a79 (base 11) to base 13.
-a0ac5
Convert 6d694 (base 14) to base 16.
414d2
What is 4032102030 (base 5) in base 14?
1105231
-37374110 (base 9) to base 10
-18295074
What is -89b6d (base 14) in base 12?
-141545
Convert -2c61003 (base 13) to base 10.
-14282700
Convert 3549 (base 15) to base 7.
45000
Convert -717024 (base 8) to base 7.
-2005120
-873678 (base 13) to base 2
-1100000111110111110111
Convert -101b210 (base 14) to base 4.
-130333013032
Convert 1abf2 (base 16) to base 14.
2bcd4
-3653084 (base 9) to base 2
-111100100010011000101
What is 3333200101 (base 4) in base 13?
2a8476
What is -14bbc6 (base 14) in base 2?
-10110000110000100010
Convert 41d0b0 (base 14) to base 9.
4161770
Convert -113552232 (base 7) to base 10.
-7038138
-3046335 (base 7) to base 6
-11452450
Convert -5a5745 (base 14) to base 2.
-1011110010000000110001
Convert 21245545 (base 6) to base 12.
2638b5
Convert 11111111101000 (base 2) to base 5.
1010420
-55055002 (base 7) to base 14
-8ac002
5660 (base 14) to base 11
10289
Convert 114202303 (base 7) to base 10.
7093390
What is 12420242133 (base 5) in base 4?
322233223310
What is -25e14 (base 15) in base 9?
-204341
3615362 (base 8) to base 9
1767841
Convert 234b8 (base 13) to base 9.
107471
Convert 5149a (base 14) to base 12.
95340
What is -60645014 (base 7) in base 10?
-5053430
What is 3211112 (base 5) in base 11?
37557
Convert 144013053 (base 6) to base 8.
13313671
What is -221011330 (base 4) in base 11?
-105505
Convert 100000100110011000110001 (base 2) to base 9.
17064618
Convert 1411331133 (base 5) to base 16.
373fb9
Convert -697193 (base 12) to base 11.
-a56222
Convert 3520970 (base 11) to base 14.
b61574
What is 2222312021 (base 4) in base 2?
10101010110110001001
12402423 (base 5) to base 7
1016244
What is -5741873 (base 10) in base 4?
-111321310301
1201112102201 (base 3) to base 2
11011111100111100100
Convert -aaac4 (base 15) to base 16.
-846e2
Convert 3180728 (base 9) to base 11.
a660a1
What is 2261b21 (base 12) in base 11?
37a6793
23124361 (base 7) to base 13
55ab81
What is 6873461 (base 9) in base 16?
389a5b
2252664 (base 8) to base 9
1132157
-12354534 (base 6) to base 3
-202112100111
5a0a5 (base 15) to base 12
11a132
Convert 3031454 (base 8) to base 2.
11000011001100101100
Convert -22044 (base 10) to base 13.
-a059
What is -14041325 (base 7) in base 3?
-2110021002122
What is 1038115 (base 11) in base 9?
3383147
110110001011110001 (base 2) to base 15
45b5c
100110101000111000110 (base 2) to base 11
795287
125a333 (base 12) to base 11
2042605
Convert 111242400 (base 5) to base 16.
787a3
Convert 14f2bd (base 16) to base 2.
101001111001010111101
6a9292 (base 15) to base 5
2300442322
-20030202 (base 5) to base 3
-22000222102
Convert 88a4679 (base 11) to base 5.
12444112232
Convert 143204140 (base 7) to base 4.
210002121013
Convert 12220020202120 (base 3) to base 6.
151103410
What is -378c6 (base 14) in base 10?
-136198
-125410224 (base 6) to base 9
-4637507
What is 195642 (base 10) in base 2?
101111110000111010
112020022032 (base 4) to base 5
2441104330
Convert 13104010 (base 5) to base 4.
133121312
-cdc4b (base 15) to base 8
-2375502
What is -4154445 (base 6) in base 15?
-3ec62
4781714 (base 11) to base 7
130554143
Convert -113151501 (base 6) to base 13.
-5903b9
What is -1112333202 (base 4) in base 12?
-152256
Convert -16168b1 (base 15) to base 7.
-253110466
-432330404 (base 5) to base 9
-3413255
What is 2042303334 (base 5) in base 14?
7cc5c8
194a20 (base 13) to base 16
9bf7e
38392 (base 14) to base 10
137916
What is 6012420 (base 7) in base 12?
2a24b3
What is 1342460 (base 13) in base 3?
102101212212102
Convert a649b (base 16) to base 7.
5534521
What is -bad88 (base 16) in base 11?
-482aa6
10220102101 (base 3) to base 11
52816
-132005 (base 6) to base 13
-567b
Convert 1785b8 (base 12) to base 14.
a8d08
-44133330 (base 5) to base 7
-3143141
What is -10432302 (base 5) in base 4?
-112222123
Convert -12211021112 (base 3) to base 4.
-123333200
Convert 172710 (base 8) to base 14.
18d04
What is 1233112110 (base 4) in base 6?
13435300
What is 19b23a (base 12) in base 3?
212002212101
What is 3536042 (base 8) in base 13?
27a700
What is -b75a (base 16) in base 15?
-dd93
-77249 (base 16) to base 6
-14243145
-79371 (base 13) to base 5
-24022144
102043334 (base 5) to base 13
11b4b4
-20074 (base 11) to base 5
-1414423
Convert b9385 (base 12) to base 11.
157503
What is -3334618 (base 10) in base 7?
-40225630
What is 1435210 (base 6) in base 11?
57239
What is -11517 (base 15) in base 14?
-16151
What is ec1047 (base 16) in base 15?
1558d78
What is 1022021111112 (base 3) in base 4?
2221201211
43545 (base 10) to base 6
533333
Convert -2011020110022 (base 3) to base 6.
-40323012
What is -23120330221 (base 4) in base 3?
-12121200201001
What is 1487a35 (base 12) in base 2?
1111110111110100001001
-20123210 (base 4) to base 15
-a372
Convert -681158 (base 13) to base 15.
-338775
What is -333336 (base 8) in base 11?
-77457
Convert 242105022 (base 6) to base 2.
10001011110011100100110
Convert 1111386 (base 9) to base 4.
2102001111
Convert 10122022102 (base 3) to base 16.
117f5
What is 420535 (base 8) in base 3?
21002111212
-2232231222 (base 4) to base 2
-10101110101101101010
Convert -20102010221 (base 3) to base 7.
-1033666
Convert 37027 (base 9) to base 11.
17706
4a76823 (base 11) to base 9
17514541
Convert -34515142 (base 6) to base 15.
-161585
Convert 223210231023 (base 4) to base 5.
10411010124
183260 (base 12) to base 8
1464650
Convert -275b (base 16) to base 12.
-59b7
What is 141102 (base 9) in base 3?
11101010002
-845859 (base 10) to base 16
-ce823
What is -78a72a (base 11) in base 3?
-2100221120120
-445ba (base 12) to base 8
-261136
-3217403 (base 9) to base 4
-12210333330
Convert 1188de (base 15) to base 16.
ccd61
What is -122010101222121 (base 3) in base 9?
-18111877
What is 20a2386 (base 11) in base 12?
12a0b4b
What is 748f6c (base 16) in base 14?
102bbd2
Convert -117b729 (base 13) to base 15.
-721e0e
Convert -16366415 (base 7) to base 15.
-2180a5
What is 18643216 (base 9) in base 14?
1371dd5
What is -10444213 (base 6) in base 2?
-1001101011011110001
-aa119e (base 15) to base 8
-36723505
What is 1c0bb9 (base 15) in base 4?
11032112310
What is 88401 (base 9) in base 2?
1110010100010101
What is 204440410 (base 5) in base 3?
1121122010110
Convert 91286a (base 12) to base 3.
11021001212201
Convert 1048636 (base 11) to base 13.
4c628a
What is 113212002 (base 4) in base 11?
66677
Convert -44ac0 (base 13) to base 6.
-2402050
3ab9c (base 16) to base 3
110012221220
127771 (base 9) to base 3
10221212101
320220010 (base 4) to base 10
231940
-3671624 (base 9) to base 10
-1995781
-10101010001010011110110 (base 2) to base 6
-315302250
2128037 (base 9) to base 7
12461203
10412460 (base 7) to base 8
3322220
Convert 11000203201 (base 4) to base 8.
5004341
Convert -4121034 (base 5) to base 14.
-1a5d1
Convert -860407 (base 9) to base 12.
-208421
Convert 122111120121 (base 3) to base 6.
11214541
194745 (base 10) to base 12
94849
-103123313331 (base 4) to base 2
-10011011011110111111101
Convert -cc4783 (base 13) to base 4.
-102111322012
What is -372035 (base 9) in base 13?
-7b2a2
Convert 254532024 (base 6) to base 15.
688237
What is -10572367 (base 8) in base 4?
-20233103313
22012002220 (base 3) to base 16
275a3
-13dad5d (base 14) to base 2
-100100111001011100100111
-1212776 (base 8) to base 7
-2555515
-11000101100001100 (base 2) to base 13
-37055
What is -6d7a5 (base 16) in base 11?
-2869a6
What is 344353 (base 9) in base 16?
32706
Convert 221121010000 (base 3) to base 4.
1323000030
-501a3 (base 11) to base 13
-27572
What is -10a0608 (base 12) in base 6?
-152244012
Convert 11343143221 (base 5) to base 15.
126cac6
Convert 11101000011001001010 (base 2) to base 7.
11043111
